{"id":1822,"date":"2021-03-23T20:12:32","date_gmt":"2021-03-23T19:12:32","guid":{"rendered":"https:\/\/vik.es\/llv\/?page_id=1822"},"modified":"2021-04-16T10:08:23","modified_gmt":"2021-04-16T08:08:23","slug":"nuestra-historia","status":"publish","type":"page","link":"https:\/\/vik.es\/llv\/nuestra-historia","title":{"rendered":"Nuestra historia"},"content":{"rendered":"<p>[et_pb_section fb_built=\u00bb1&#8243; custom_padding_last_edited=\u00bbon|phone\u00bb admin_label=\u00bbLa Liga \/ Nuestra historia\u00bb _builder_version=\u00bb4.8.1&#8243; background_color=\u00bb#2192d6&#8243; background_enable_image=\u00bboff\u00bb background_position=\u00bbbottom_left\u00bb width=\u00bb100%\u00bb width_tablet=\u00bb\u00bb width_phone=\u00bb100%\u00bb width_last_edited=\u00bbon|phone\u00bb max_width=\u00bb100%\u00bb max_width_tablet=\u00bb\u00bb max_width_phone=\u00bb100%\u00bb max_width_last_edited=\u00bbon|phone\u00bb custom_padding=\u00bb53.625px|0px|53.625px|0|false|false\u00bb custom_padding_tablet=\u00bb\u00bb custom_padding_phone=\u00bb5%||5%||false|false\u00bb top_divider_height=\u00bb50px\u00bb top_divider_flip=\u00bbhorizontal\u00bb collapsed=\u00bboff\u00bb][et_pb_row column_structure=\u00bb1_2,1_2&#8243; custom_padding_last_edited=\u00bbon|phone\u00bb _builder_version=\u00bb4.8.1&#8243; background_enable_color=\u00bboff\u00bb background_enable_image=\u00bboff\u00bb width=\u00bb100%\u00bb width_tablet=\u00bb\u00bb width_phone=\u00bb100%\u00bb width_last_edited=\u00bbon|phone\u00bb max_width=\u00bb100%\u00bb max_width_tablet=\u00bb\u00bb max_width_phone=\u00bb100%\u00bb max_width_last_edited=\u00bbon|phone\u00bb module_alignment=\u00bbcenter\u00bb custom_margin_tablet=\u00bb40px|||10%|false|false\u00bb custom_margin_phone=\u00bb0px|0px||0%|false|false\u00bb custom_margin_last_edited=\u00bbon|phone\u00bb custom_padding=\u00bb60px|60px|60px|60px|true|true\u00bb custom_padding_tablet=\u00bb\u00bb custom_padding_phone=\u00bb0px|0px|0px|0px|true|true\u00bb module_alignment_tablet=\u00bbcenter\u00bb module_alignment_phone=\u00bbcenter\u00bb module_alignment_last_edited=\u00bbon|phone\u00bb border_radii=\u00bbon|6px|6px|6px|6px\u00bb locked=\u00bboff\u00bb][et_pb_column type=\u00bb1_2&#8243; _builder_version=\u00bb3.25&#8243; custom_padding=\u00bb|||\u00bb custom_padding__hover=\u00bb|||\u00bb][et_pb_text _builder_version=\u00bb4.8.1&#8243; text_font=\u00bbRubik|300|||||||\u00bb text_text_color=\u00bbrgba(255,255,255,0.7)\u00bb text_line_height=\u00bb1.2em\u00bb header_font=\u00bbRubik|700|||||||\u00bb header_font_size=\u00bb44px\u00bb header_line_height=\u00bb1.4em\u00bb header_2_font=\u00bbRubik|700|||||||\u00bb header_2_font_size=\u00bb40px\u00bb header_6_font=\u00bbMontserrat|600||on|||||\u00bb header_6_text_color=\u00bbrgba(255,255,255,0.7)\u00bb header_6_font_size=\u00bb16px\u00bb header_6_letter_spacing=\u00bb2px\u00bb header_6_line_height=\u00bb1.5em\u00bb background_layout=\u00bbdark\u00bb max_width=\u00bb800px\u00bb max_width_tablet=\u00bb\u00bb max_width_phone=\u00bb\u00bb max_width_last_edited=\u00bbon|desktop\u00bb module_alignment=\u00bbcenter\u00bb custom_margin=\u00bb||||false|false\u00bb custom_margin_tablet=\u00bb\u00bb custom_margin_phone=\u00bb\u00bb custom_margin_last_edited=\u00bbon|phone\u00bb custom_padding=\u00bb|5%||5%|false|false\u00bb custom_padding_tablet=\u00bb\u00bb custom_padding_phone=\u00bb\u00bb custom_padding_last_edited=\u00bbon|desktop\u00bb text_font_size_tablet=\u00bb\u00bb text_font_size_phone=\u00bb20px\u00bb text_font_size_last_edited=\u00bbon|phone\u00bb header_font_size_tablet=\u00bb\u00bb header_font_size_phone=\u00bb28px\u00bb header_font_size_last_edited=\u00bbon|phone\u00bb]<\/p>\n<h1>Nuestra historia<\/h1>\n<p>LA LIGA PARA LA LIBERTAD DE VACUNACI\u00d3N nace en Barcelona a finales de 1989 en un centro de parto natural. Desde su origen est\u00e1 compuesta por padres, madres y profesionales de la salud. Su nacimiento es fruto de la necesidad de respuestas alternativas al mensaje \u00fanico en favor de la vacunaci\u00f3n sistem\u00e1tica. Eran momentos dif\u00edciles pues en la Espa\u00f1a postfranquista de esos a\u00f1os se viv\u00eda a\u00fan m\u00e1s como s\u00fabdito que como ciudadano. Desgraciadamente, la actual \u201cpandemia\u201d (2020\/21) de \u00f1s Covid- 19 que estamos viviendo ha demostrado que a la hora de la verdad seguimos siendo s\u00fabditos, sobre todo en cuestiones de salud.<\/p>\n<p>Lo que naci\u00f3 como un peque\u00f1o n\u00facleo de algunas familias y profesionales de la salud ampli\u00f3 su espectro, lo que permiti\u00f3 ya en 1992 establecer una peque\u00f1a estructura, decidi\u00e9ndose en el mes de marzo inscribirla en el registro de asociaciones (n\u00ba 107.435).<\/p>\n<p>Poco a poco se ampli\u00f3 el marco de acci\u00f3n de la asociaci\u00f3n y en 1995 se super\u00f3 el centenar de socios y socias lo que permiti\u00f3 afrontar el reto de salir hacia el exterior. Se inici\u00f3 nuestra participaci\u00f3n en diferentes foros (ferias, congresos, etc\u2026) que a\u00fan mantenemos como labor importante y tambi\u00e9n comenzamos a editar nuestra revista \u00abvacunacionlibre\u00bb que ya va por su n\u00famero 27.<\/p>\n<p>Antes de finales de los &#8217;90 se vio imprescindible disponer de nuestra propia p\u00e1gina web, www.vacunacionlibre.org, que ha sido un punto de referencia todos estos a\u00f1os de la informaci\u00f3n cr\u00edtica respecto a las vacunaciones sistem\u00e1ticas.<\/p>\n<p>A inicios del nuevo siglo, momento en el que super\u00e1bamos los 500 socios y socias, cre\u00edmos imprescindible establecer colaboraci\u00f3n con las asociaciones afines a la nuestra en el resto de Europa por lo que promovimos junto a ALIS (asociaci\u00f3n francesa) la creaci\u00f3n del European Forum for Vaccination Vigilance (EFVV). Su trabajo m\u00e1s destacado, hasta el momento, ha sido la presentaci\u00f3n en el Parlamento Europeo del \u00abInforme sobre Vacunas\u00bb que recog\u00eda 2.000 efectos adversos de vacunas en Europa y ped\u00eda la revisi\u00f3n de la vacunaci\u00f3n sistem\u00e1tica en Europa.<\/p>\n<p>Durante estos a\u00f1os hemos diversificado nuestras publicaciones, a la originaria vacunacionlibre (semestral) le hemos a\u00f1adido los documentos para la reflexi\u00f3n (bianual), las gu\u00edas y monograf\u00edas, nuestra revista electr\u00f3nica Primum Non Nocere, como as\u00ed tambi\u00e9n la edici\u00f3n de libros sobre vacunas de los que los autores muy generosamente nos ceden los derechos para su edici\u00f3n en espa\u00f1ol. Nuestra historia ya no es tan corta y tiene un buen futuro.<\/p>\n<p>[\/et_pb_text][\/et_pb_column][et_pb_column type=\u00bb1_2&#8243; _builder_version=\u00bb3.25&#8243; custom_padding=\u00bb|||\u00bb custom_padding__hover=\u00bb|||\u00bb][et_pb_image src=\u00bbhttps:\/\/vik.es\/llv\/wp-content\/uploads\/2021\/04\/nube.gif\u00bb title_text=\u00bbnube\u00bb align=\u00bbcenter\u00bb _builder_version=\u00bb4.8.1&#8243; _module_preset=\u00bbdefault\u00bb][\/et_pb_image][\/et_pb_column][\/et_pb_row][\/et_pb_section]<\/p>\n","protected":false},"excerpt":{"rendered":"<p>LA LIGA PARA LA LIBERTAD DE VACUNACI\u00d3N nace en Barcelona a finales de 1989 en un centro de parto natural y desde su origen est\u00e1 compuesta por padres, madres y profesionales de la salud. Su nacimiento es fruto de la necesidad de respuestas alternativas al mensaje \u00fanico en favor de la vacunaci\u00f3n sistem\u00e1tica. <\/p>\n","protected":false},"author":1,"featured_media":4457,"parent":0,"menu_order":0,"comment_status":"closed","ping_status":"closed","template":"","meta":{"_et_pb_use_builder":"on","_et_pb_old_content":"","_et_gb_content_width":"","footnotes":""},"class_list":["post-1822","page","type-page","status-publish","has-post-thumbnail","hentry"],"_links":{"self":[{"href":"https:\/\/vik.es\/llv\/wp-json\/wp\/v2\/pages\/1822","targetHints":{"allow":["GET"]}}],"collection":[{"href":"https:\/\/vik.es\/llv\/wp-json\/wp\/v2\/pages"}],"about":[{"href":"https:\/\/vik.es\/llv\/wp-json\/wp\/v2\/types\/page"}],"author":[{"embeddable":true,"href":"https:\/\/vik.es\/llv\/wp-json\/wp\/v2\/users\/1"}],"replies":[{"embeddable":true,"href":"https:\/\/vik.es\/llv\/wp-json\/wp\/v2\/comments?post=1822"}],"version-history":[{"count":15,"href":"https:\/\/vik.es\/llv\/wp-json\/wp\/v2\/pages\/1822\/revisions"}],"predecessor-version":[{"id":5707,"href":"https:\/\/vik.es\/llv\/wp-json\/wp\/v2\/pages\/1822\/revisions\/5707"}],"wp:featuredmedia":[{"embeddable":true,"href":"https:\/\/vik.es\/llv\/wp-json\/wp\/v2\/media\/4457"}],"wp:attachment":[{"href":"https:\/\/vik.es\/llv\/wp-json\/wp\/v2\/media?parent=1822"}],"curies":[{"name":"wp","href":"https:\/\/api.w.org\/{rel}","templated":true}]}}