{"id":5026,"date":"2021-04-11T18:44:10","date_gmt":"2021-04-11T16:44:10","guid":{"rendered":"https:\/\/vik.es\/llv\/?page_id=5026"},"modified":"2021-04-16T13:12:40","modified_gmt":"2021-04-16T11:12:40","slug":"recogida-de-efectos-secundarios-postvacunales","status":"publish","type":"page","link":"https:\/\/vik.es\/llv\/recogida-de-efectos-secundarios-postvacunales","title":{"rendered":"Recogida de efectos secundarios postvacunales"},"content":{"rendered":"<p>[et_pb_section fb_built=\u00bb1&#8243; custom_padding_last_edited=\u00bbon|phone\u00bb admin_label=\u00bbLa Liga \/ Nos presentamos\u00bb _builder_version=\u00bb4.8.1&#8243; background_color=\u00bb#2192d6&#8243; background_enable_image=\u00bboff\u00bb background_position=\u00bbbottom_left\u00bb width=\u00bb100%\u00bb width_tablet=\u00bb\u00bb width_phone=\u00bb100%\u00bb width_last_edited=\u00bbon|phone\u00bb max_width=\u00bb100%\u00bb max_width_tablet=\u00bb\u00bb max_width_phone=\u00bb100%\u00bb max_width_last_edited=\u00bbon|phone\u00bb custom_padding=\u00bb53.625px|0px|53.625px|0|false|false\u00bb custom_padding_tablet=\u00bb\u00bb custom_padding_phone=\u00bb5%||5%||false|false\u00bb top_divider_height=\u00bb50px\u00bb top_divider_flip=\u00bbhorizontal\u00bb collapsed=\u00bboff\u00bb][et_pb_row column_structure=\u00bb1_2,1_2&#8243; custom_padding_last_edited=\u00bbon|phone\u00bb _builder_version=\u00bb4.8.1&#8243; background_enable_color=\u00bboff\u00bb background_enable_image=\u00bboff\u00bb width=\u00bb100%\u00bb width_tablet=\u00bb\u00bb width_phone=\u00bb100%\u00bb width_last_edited=\u00bbon|phone\u00bb max_width=\u00bb100%\u00bb max_width_tablet=\u00bb\u00bb max_width_phone=\u00bb100%\u00bb max_width_last_edited=\u00bbon|phone\u00bb module_alignment=\u00bbcenter\u00bb custom_margin_tablet=\u00bb40px|||10%|false|false\u00bb custom_margin_phone=\u00bb0px|0px||0%|false|false\u00bb custom_margin_last_edited=\u00bbon|phone\u00bb custom_padding=\u00bb60px|60px|60px|60px|true|true\u00bb custom_padding_tablet=\u00bb\u00bb custom_padding_phone=\u00bb0px|0px|0px|0px|true|true\u00bb module_alignment_tablet=\u00bbcenter\u00bb module_alignment_phone=\u00bbcenter\u00bb module_alignment_last_edited=\u00bbon|phone\u00bb border_radii=\u00bbon|6px|6px|6px|6px\u00bb locked=\u00bboff\u00bb][et_pb_column type=\u00bb1_2&#8243; _builder_version=\u00bb3.25&#8243; custom_padding=\u00bb|||\u00bb custom_padding__hover=\u00bb|||\u00bb][et_pb_text _builder_version=\u00bb4.8.1&#8243; text_font=\u00bbRubik|300|||||||\u00bb text_text_color=\u00bbrgba(255,255,255,0.7)\u00bb text_line_height=\u00bb1.2em\u00bb header_font=\u00bbRubik|700|||||||\u00bb header_font_size=\u00bb44px\u00bb header_line_height=\u00bb1.4em\u00bb header_2_font=\u00bbRubik|700|||||||\u00bb header_2_font_size=\u00bb40px\u00bb header_6_font=\u00bbMontserrat|600||on|||||\u00bb header_6_text_color=\u00bbrgba(255,255,255,0.7)\u00bb header_6_font_size=\u00bb16px\u00bb header_6_letter_spacing=\u00bb2px\u00bb header_6_line_height=\u00bb1.5em\u00bb background_layout=\u00bbdark\u00bb max_width=\u00bb800px\u00bb max_width_tablet=\u00bb\u00bb max_width_phone=\u00bb\u00bb max_width_last_edited=\u00bbon|desktop\u00bb module_alignment=\u00bbcenter\u00bb custom_margin=\u00bb||||false|false\u00bb custom_margin_tablet=\u00bb\u00bb custom_margin_phone=\u00bb\u00bb custom_margin_last_edited=\u00bbon|phone\u00bb custom_padding=\u00bb|5%||5%|false|false\u00bb custom_padding_tablet=\u00bb\u00bb custom_padding_phone=\u00bb\u00bb custom_padding_last_edited=\u00bbon|desktop\u00bb hover_enabled=\u00bb0&#8243; text_font_size_tablet=\u00bb\u00bb text_font_size_phone=\u00bb20px\u00bb text_font_size_last_edited=\u00bbon|phone\u00bb header_font_size_tablet=\u00bb\u00bb header_font_size_phone=\u00bb28px\u00bb header_font_size_last_edited=\u00bbon|phone\u00bb sticky_enabled=\u00bb0&#8243;]<\/p>\n<h1>Recogida de efectos secundarios postvacunales<\/h1>\n<p>Como el nivel de declaraci\u00f3n\u00a0 oficial de Reacciones Adversas a las Vacunas (RAV)\u00a0 en Espa\u00f1a no llega ni al 1% desde el inicio de la LLV nos propusimos crear un marco de declaraci\u00f3n f\u00e1cil para relacionar la vacunaci\u00f3n con el efecto secundario posvacunal.<\/p>\n<p>En el 2005 presentamos en el Parlamento Europeo ( Bruselas) el Informe RAV Europeo EFVV con 1000 personas afectadas por la vacunas\u00a0 para dar a conocer la situaci\u00f3n a los pol\u00edticos de la comunidad europea.<\/p>\n<p>En el 2019 publicamos en la Revista Internacional n\u00ba 25 el Informe RAV en Espa\u00f1a ( 2006-2014).<\/p>\n<p>Si quieres declarar tu situaci\u00f3n puedes ponerte en comunicaci\u00f3n con el Area M\u00e9dica LLV: <a href=\"mailto:infomedica@vacunacionlibre.org\">infomedica@vacunacionlibre.org<\/a>.<\/p>\n<p>[\/et_pb_text][\/et_pb_column][et_pb_column type=\u00bb1_2&#8243; _builder_version=\u00bb3.25&#8243; custom_padding=\u00bb|||\u00bb custom_padding__hover=\u00bb|||\u00bb][et_pb_image src=\u00bbhttps:\/\/vik.es\/llv\/wp-content\/uploads\/2021\/03\/recogida-efectos-postvacunales.png\u00bb title_text=\u00bbrecogida-efectos-postvacunales\u00bb align=\u00bbcenter\u00bb _builder_version=\u00bb4.8.1&#8243; _module_preset=\u00bbdefault\u00bb][\/et_pb_image][\/et_pb_column][\/et_pb_row][\/et_pb_section]<\/p>\n","protected":false},"excerpt":{"rendered":"<p>[et_pb_section fb_built=\u00bb1&#8243; custom_padding_last_edited=\u00bbon|phone\u00bb admin_label=\u00bbLa Liga \/ Nos presentamos\u00bb _builder_version=\u00bb4.8.1&#8243; background_color=\u00bb#2192d6&#8243; background_enable_image=\u00bboff\u00bb background_position=\u00bbbottom_left\u00bb width=\u00bb100%\u00bb width_tablet=\u00bb\u00bb width_phone=\u00bb100%\u00bb width_last_edited=\u00bbon|phone\u00bb max_width=\u00bb100%\u00bb max_width_tablet=\u00bb\u00bb max_width_phone=\u00bb100%\u00bb max_width_last_edited=\u00bbon|phone\u00bb custom_padding=\u00bb53.625px|0px|53.625px|0|false|false\u00bb custom_padding_tablet=\u00bb\u00bb custom_padding_phone=\u00bb5%||5%||false|false\u00bb top_divider_height=\u00bb50px\u00bb top_divider_flip=\u00bbhorizontal\u00bb collapsed=\u00bboff\u00bb][et_pb_row column_structure=\u00bb1_2,1_2&#8243; custom_padding_last_edited=\u00bbon|phone\u00bb _builder_version=\u00bb4.8.1&#8243; background_enable_color=\u00bboff\u00bb background_enable_image=\u00bboff\u00bb width=\u00bb100%\u00bb width_tablet=\u00bb\u00bb width_phone=\u00bb100%\u00bb width_last_edited=\u00bbon|phone\u00bb max_width=\u00bb100%\u00bb max_width_tablet=\u00bb\u00bb max_width_phone=\u00bb100%\u00bb max_width_last_edited=\u00bbon|phone\u00bb module_alignment=\u00bbcenter\u00bb custom_margin_tablet=\u00bb40px|||10%|false|false\u00bb custom_margin_phone=\u00bb0px|0px||0%|false|false\u00bb custom_margin_last_edited=\u00bbon|phone\u00bb custom_padding=\u00bb60px|60px|60px|60px|true|true\u00bb custom_padding_tablet=\u00bb\u00bb custom_padding_phone=\u00bb0px|0px|0px|0px|true|true\u00bb module_alignment_tablet=\u00bbcenter\u00bb module_alignment_phone=\u00bbcenter\u00bb module_alignment_last_edited=\u00bbon|phone\u00bb border_radii=\u00bbon|6px|6px|6px|6px\u00bb locked=\u00bboff\u00bb][et_pb_column type=\u00bb1_2&#8243; _builder_version=\u00bb3.25&#8243; custom_padding=\u00bb|||\u00bb custom_padding__hover=\u00bb|||\u00bb][et_pb_text [&hellip;]<\/p>\n","protected":false},"author":1,"featured_media":0,"parent":0,"menu_order":0,"comment_status":"closed","ping_status":"closed","template":"","meta":{"_et_pb_use_builder":"on","_et_pb_old_content":"","_et_gb_content_width":"","footnotes":""},"class_list":["post-5026","page","type-page","status-publish","hentry"],"_links":{"self":[{"href":"https:\/\/vik.es\/llv\/wp-json\/wp\/v2\/pages\/5026","targetHints":{"allow":["GET"]}}],"collection":[{"href":"https:\/\/vik.es\/llv\/wp-json\/wp\/v2\/pages"}],"about":[{"href":"https:\/\/vik.es\/llv\/wp-json\/wp\/v2\/types\/page"}],"author":[{"embeddable":true,"href":"https:\/\/vik.es\/llv\/wp-json\/wp\/v2\/users\/1"}],"replies":[{"embeddable":true,"href":"https:\/\/vik.es\/llv\/wp-json\/wp\/v2\/comments?post=5026"}],"version-history":[{"count":4,"href":"https:\/\/vik.es\/llv\/wp-json\/wp\/v2\/pages\/5026\/revisions"}],"predecessor-version":[{"id":5759,"href":"https:\/\/vik.es\/llv\/wp-json\/wp\/v2\/pages\/5026\/revisions\/5759"}],"wp:attachment":[{"href":"https:\/\/vik.es\/llv\/wp-json\/wp\/v2\/media?parent=5026"}],"curies":[{"name":"wp","href":"https:\/\/api.w.org\/{rel}","templated":true}]}}

<p>[et_pb_section fb_built=»1&#8243; custom_padding_last_edited=»on|phone» admin_label=»La Liga / Nos presentamos» _builder_version=»4.8.1&#8243; background_color=»#2192d6&#8243; background_enable_image=»off» background_position=»bottom_left» width=»100%» width_tablet=»» width_phone=»100%» width_last_edited=»on|phone» max_width=»100%» max_width_tablet=»» max_width_phone=»100%» max_width_last_edited=»on|phone» custom_padding=»53.625px|0px|53.625px|0|false|false» custom_padding_tablet=»» custom_padding_phone=»5%||5%||false|false» top_divider_height=»50px» top_divider_flip=»horizontal» collapsed=»off»][et_pb_row column_structure=»1_2,1_2&#8243; custom_padding_last_edited=»on|phone» _builder_version=»4.8.1&#8243; background_enable_color=»off» background_enable_image=»off» width=»100%» width_tablet=»» width_phone=»100%» width_last_edited=»on|phone» max_width=»100%» max_width_tablet=»» max_width_phone=»100%» max_width_last_edited=»on|phone» module_alignment=»center» custom_margin_tablet=»40px|||10%|false|false» custom_margin_phone=»0px|0px||0%|false|false» custom_margin_last_edited=»on|phone» custom_padding=»60px|60px|60px|60px|true|true» custom_padding_tablet=»» custom_padding_phone=»0px|0px|0px|0px|true|true» module_alignment_tablet=»center» module_alignment_phone=»center» module_alignment_last_edited=»on|phone» border_radii=»on|6px|6px|6px|6px» locked=»off»][et_pb_column type=»1_2&#8243; _builder_version=»3.25&#8243; custom_padding=»|||» custom_padding__hover=»|||»][et_pb_text _builder_version=»4.8.1&#8243; text_font=»Rubik|300|||||||» text_text_color=»rgba(255,255,255,0.7)» text_line_height=»1.2em» header_font=»Rubik|700|||||||» header_font_size=»44px» header_line_height=»1.4em» header_2_font=»Rubik|700|||||||» header_2_font_size=»40px» header_6_font=»Montserrat|600||on|||||» header_6_text_color=»rgba(255,255,255,0.7)» header_6_font_size=»16px» header_6_letter_spacing=»2px» header_6_line_height=»1.5em» background_layout=»dark» max_width=»800px» max_width_tablet=»» max_width_phone=»» max_width_last_edited=»on|desktop» module_alignment=»center» custom_margin=»||||false|false» custom_margin_tablet=»» custom_margin_phone=»» custom_margin_last_edited=»on|phone» custom_padding=»|5%||5%|false|false» custom_padding_tablet=»» custom_padding_phone=»» custom_padding_last_edited=»on|desktop» hover_enabled=»0&#8243; text_font_size_tablet=»» text_font_size_phone=»20px» text_font_size_last_edited=»on|phone» header_font_size_tablet=»» header_font_size_phone=»28px» header_font_size_last_edited=»on|phone» sticky_enabled=»0&#8243;]</p>
<h1>Recogida de efectos secundarios postvacunales</h1>
<p>Como el nivel de declaración  oficial de Reacciones Adversas a las Vacunas (RAV)  en España no llega ni al 1% desde el inicio de la LLV nos propusimos crear un marco de declaración fácil para relacionar la vacunación con el efecto secundario posvacunal.</p>
<p>En el 2005 presentamos en el Parlamento Europeo ( Bruselas) el Informe RAV Europeo EFVV con 1000 personas afectadas por la vacunas  para dar a conocer la situación a los políticos de la comunidad europea.</p>
<p>En el 2019 publicamos en la Revista Internacional nº 25 el Informe RAV en España ( 2006-2014).</p>
<p>Si quieres declarar tu situación puedes ponerte en comunicación con el Area Médica LLV: <a href="mailto:infomedica@vacunacionlibre.org">infomedica@vacunacionlibre.org</a>.</p>
<p>[/et_pb_text][/et_pb_column][et_pb_column type=»1_2&#8243; _builder_version=»3.25&#8243; custom_padding=»|||» custom_padding__hover=»|||»][et_pb_image src=»https://vik.es/llv/wp-content/uploads/2021/03/recogida-efectos-postvacunales.png» title_text=»recogida-efectos-postvacunales» align=»center» _builder_version=»4.8.1&#8243; _module_preset=»default»][/et_pb_image][/et_pb_column][/et_pb_row][/et_pb_section]</p>
